+ 40 = -3*i. Let s = -11 + i. What is the units digit of s?
9
Let b(g) = 21*g - 4. Let l be b(2). Suppose -4*a + 170 + l = 0. What is the units digit of a?
2
Suppose -3*v + 2715 = -3*a, -2757 = -5*v + 3*a + 1758. What is the tens digit of v?
0
Suppose -7*d = -2*d - 5. What is the units digit of 2 + -1 + (65 - d)?
5
Let c(r) be the second derivative of 11*r**6/720 - r**5/20 + 5*r**4/12 - 2*r. Let z(m) be the third derivative of c(m). What is the tens digit of z(4)?
3
What is the units digit of (1622/(-4))/((-1)/2)?
1
Let w = 16 - 19. Let q be ((-15)/(-10))/(w/(-4)). Suppose 5*g - 36 = q*c, 4*g - c = 2*c + 33. What is the units digit of g?
6
Suppose 5*r = -4*q + 180, 0 = 6*r - r. Suppose -d = -q + 10. Suppose x + 21 = 3*u, -x + 2*x = 5*u - d. What is the units digit of u?
7
Let x(z) = 0 + 3 - 1 - 3. Let o(p) = -p**2 - 2*p - 39. Let j(v) = -o(v) - x(v). What is the tens digit of j(0)?
4
Let n(h) be the third derivative of -7*h**4/6 - 2*h**3/3 + 5*h**2. What is the tens digit of n(-4)?
0
Suppose 2 = 2*r - 4. Let v be 8 + (-954)/117 + 82/26. Suppose -r*o + d + 37 = -o, -23 = -v*o - 5*d. What is the tens digit of o?
1
Suppose 179*v - 448 = 175*v. What is the units digit of v?
2
Let c(p) = -p**3 - 15*p**2 - 11*p - 2. Let w be c(-15). What is the units digit of w/5 - -1 - (-6)/(-10)?
3
Suppose -11*t = -9*t - 3*g - 393, -5*g = -2*t + 387. What is the units digit of t?
1
Let j(t) = 2*t**2 - 22*t - 11. Let l be -2 - (-20 + 4) - 1/1. What is the units digit of j(l)?
1
Let d(l) = l + 5. Let k be d(3). Suppose 4 = -4*n + k. Let w = 34 + n. What is the units digit of w?
5
Suppose 0 = n + 4*i - 0*i - 6, -3*n + 11 = 5*i. Suppose 11 + 35 = n*v. Suppose 2*w - 4*r = 12, 0 = -4*r + v - 3. What is the tens digit of w?
1
Suppose 9*r + 2*r - 33 = 0. Suppose -1315 = -r*o - 2*o. What is the tens digit of o?
6
Suppose 5*f = 2*c + 19, 6*f - 5*f - 20 = -5*c. Suppose c*j - 280 + 37 = -3*b, 4*j = -b + 72. What is the tens digit of b?
8
Let p(r) = -12*r - 5. Let n be p(-2). Suppose n*m + 224 = 15*m. Let y = -12 - m. What is the units digit of y?
4
Let a be (12/5)/((-4)/(-30)). Let l be 0 + -2 + -2 + a. Suppose 3*b - b = 5*c + 1, b = -2*c + l. What is the units digit of b?
8
Let x be 6/18 - (-10)/(-3). Let s be (-2 + -1)/(x/13). Suppose -2*j + s = -j. What is the tens digit of j?
1
Let f = 21 + -17. Suppose 0*m - 3*m + j - 44 = 0, -f*m = -j + 60. Let s = 44 + m. What is the units digit of s?
8
Let l(g) = 3*g + 6. Suppose 3*r + 5 = -3*m - 7, -3*r = 0. Let j be 4/(-8) - 38/m. What is the tens digit of l(j)?
3
What is the tens digit of 2*((-1250)/(-1) + (-5)/(-2))?
0
Let g(j) = -j + 17. Let t be g(0). Suppose 12 = -5*k + t. What is the units digit of k?
1
Suppose -11*w - 3*w + 15204 = 0. What is the units digit of w?
6
Let j(i) = -i**3 - 4*i**2 - 5*i. Let s be j(-2). Suppose 0 = s*o + x + x - 90, 0 = 2*x - 4. What is the tens digit of 2 + 1 - -1*o?
4
Let j(i) = 15*i**2 + 3*i + 1. Let t be j(-1). Suppose -2*m + t - 3 = 0. What is the units digit of m?
5
Suppose -14 - 50 = 4*m. Let y be (14/(-28))/(2/m). Suppose 4*j + y*s = 180, 3*s = -2*s + 20. What is the tens digit of j?
4
Suppose -m - 2*m = 6, -c + 4*m + 201 = 0. What is the units digit of c?
3
Let c = -340 - -718. What is the units digit of c?
8
Let i = -89 - -224. Suppose 2*g - i = g. What is the tens digit of g/7 - (-2)/(-7)?
1
Suppose 2*t = 22*t + 60. What is the units digit of (0 - (-16)/10)/(t/(-195))?
4
What is the tens digit of -2445*(-12)/(-24)*8/(-6)?
3
Let p(l) = l**3 + 4*l**2 + 3*l - 4. Let c be p(-3). Let d be 3479/63 + c/18. What is the units digit of 1/(-3 + d/18)?
8
Suppose x - 7431 = -3*b - 2*x, 5*b - x - 12373 = 0. Suppose 7*z - b = -2*z. What is the tens digit of z?
7
Let a be 3/(3/18*2). Suppose -8*k = -a*k + 68. What is the units digit of k?
8
What is the units digit of 5244/10 + (-36)/90?
4
Let r be (26 + -14)*(1 + 0). Suppose -4*c = 2*c - r. What is the units digit of c?
2
Let v(c) = 2*c**2 - 5*c - 5. Let x be v(4). Let i(t) = 4*t**2 - t - 11. What is the hundreds digit of i(x)?
1
Let v = 65 - 39. Suppose 4*l + v = -u + 68, 96 = 4*u - 2*l. What is the units digit of u?
6
Let y = 284 - 50. What is the tens digit of y?
3
What is the tens digit of (-1252)/((-8)/(36/9))?
2
Let a be (-4 - (-31)/2)*-2. Let c = a - -26. What is the tens digit of (12/c - 2) + 18?
2
What is the tens digit of (-25100)/(-35) + 4/(-28)?
1
Suppose 9281 = 11*z - 11916. What is the tens digit of z?
2
Let w(g) = 3*g**2 - 7*g + 1. Let k be w(8). Let z = -45 + k. What is the tens digit of z?
9
Let q(k) = k**3 + 3*k**2 - 4*k - 3. Let t be q(-5). Let i = t + 33. Suppose -y + 5*u + 68 = i, u - 4*u - 58 = -y. What is the tens digit of y?
4
Let v(q) = -7 + 49*q - 32*q + 3 + 26. What is the hundreds digit of v(17)?
3
Let x(m) = -m - 1. Let h(t) = -2*t - 8. Let v(g) = h(g) - 3*x(g). Let k be v(3). Let a = k + 9. What is the units digit of a?
7
Suppose 164 = f - 425. What is the tens digit of f?
8
Suppose 12*o - 20222 = 7306. What is the thousands digit of o?
2
Let t(h) = -h + 3. Let f be t(-2). Suppose -f*x + 72 = -98. What is the units digit of x?
4
Let n be -8*4/24*-3. Suppose -a - n*a = -270. Suppose -2*u + 0*y + a = y, y + 46 = 2*u. What is the tens digit of u?
2
Let j(p) = -p**3 - 16*p**2 - 36*p - 14. What is the thousands digit of j(-21)?
2
What is the tens digit of 11/22 - (-12322)/4?
8
Suppose -4*s = -99 - 25. Suppose 50 = -5*m + 2*r, 56 = -4*m + 5*r - 1. Let j = s + m. What is the units digit of j?
3
Let z be (11/(-11))/((-2)/(-8)). Let n = z - -7. What is the units digit of -4*(n/(-4))/1?
3
Suppose -3*c + 14409 = v + 4234, -3*c + 10163 = -5*v. What is the units digit of c?
1
Let k(f) = -5*f**2 + 19 + 7*f - 19*f + 7*f**2. What is the units digit of k(7)?
3
Let c(q) = -11*q + 2. Let f be c(3). Let o = f + 117. Let h = o - 61. What is the tens digit of h?
2
Suppose 56 = -46*x + 48*x. What is the tens digit of x?
2
Let r(s) = 3*s - 11. Let w be r(5). Suppose w*v = -0*v + 12. Suppose -v*x = -5*x + 40. What is the units digit of x?
0
Let j(r) = -175*r + 39. What is the units digit of j(-4)?
9
Suppose 3*q - 2*r - 144 = 0, 0*q + 247 = 5*q - r. Suppose 0 = m + 3*m - g - 252, -3*g + q = m. What is the units digit of m?
2
Let v be (-68)/(-28) - 6/14. Let z(s) = 3*s + 2 - 8*s**3 + s**3 + 0 + s**v. What is the units digit of z(-2)?
6
Let x(s) be the first derivative of 3*s**4/2 + 2*s**3/3 - s**2 + 2*s + 118. Let h be (3/(-2))/((-3)/4). What is the tens digit of x(h)?
5
Suppose -2*b = -27 + 23. Let x(i) = 31*i**3 + 3*i**2 - i**b - i - 30*i**3. What is the units digit of x(1)?
2
Suppose -3*q - 9 = -4*q + 3*c, -4*c - 12 = -5*q. Suppose g = -q*g - 3. Let b = 21 + g. What is the tens digit of b?
1
Suppose 4*o - 4*k + 28 = 0, 7*o + 17 = 4*o + 2*k. What is the hundreds digit of ((17*42)/o)/(4 - 6)?
1
Let o be -1 + 3 - (9 + 0/(-2)). Let u(c) = -2 + 1 + 7 - c. What is the units digit of u(o)?
3
Let m = 226 + 960. What is the hundreds digit of m?
1
Let t(q) = 59*q**3 - q**2 + q. Suppose -c = 3*c - 4. What is the tens digit of t(c)?
5
Suppose -30 = -5*k + 5*n, 4*k - 2*k - 4*n - 22 = 0. Suppose -3*u - k = -19. Suppose 8*c - 10 = u*c. What is the units digit of c?
5
Let p(m) = -137*m**3 + 2*m + 2. Let r be p(-1). Suppose 0 = 4*g - 413 + r. What is the units digit of g?
9
Suppose 2257 = 4*s + r, 3*r - 1214 = -2*s - 93. What is the tens digit of s?
6
Suppose -3*d = r - 966, -r + 3*d + 2862 = 2*r. What is the hundreds digit of r?
9
Let j be 133/57*(3 + 0). Suppose 842 = 4*l - i, -5*l + j*i = 4*i - 1049. What is the hundreds digit of l?
2
Let z be (-6)/10*(-2 - 3). Suppose 3*w = -5*k + 38, -z*k + 13 + 5 = w. What is the tens digit of ((-33)/w)/((-3)/6)?
1
Suppose b - 1 = -2*f + 3*f, b - 4*f = 13. What is the tens digit of (b/9)/(2*(-1)/138)?
2
Let p be (6/(-4) - -1)*4. Let i(r) be the third derivative of -r**6/30 - r**5/60 - r**4/12 - r**3/6 + r**2. What is the units digit of i(p)?
1
Suppose -f + 118 = -24. Suppose 0 = -6*x + 98 + f. What is the units digit of x?
0
Let v be 3/(-7) - (-23758)/98. Suppose 3*t - v = 79. What is the hundreds digit of t?
1
Let q be 0 + -2 + (2 - 4). Let c be -2*1/q*0. Let t(a) = -a**3 + a**2 + 2*a + 14. What is the units digit of t(c)?
4
Suppose 19*o - 4262 = 2521. What is the tens digit of o?
5
Let m(n) = -6*n + 29. Let q be m(-20